vided by 934?
933
Calculate the remainder when 141549 is divided by 983.
980
What is the remainder when 5820 is divided by 243?
231
Calculate the remainder when 94735 is divided by 9472.
15
Calculate the remainder when 77288 is divided by 296.
32
Calculate the remainder when 133118 is divided by 5.
3
Calculate the remainder when 105134 is divided by 542.
528
Calculate the remainder when 254296 is divided by 437.
399
Calculate the remainder when 1604 is divided by 1535.
69
Calculate the remainder when 42170 is divided by 29.
4
What is the remainder when 2605 is divided by 865?
10
Calculate the remainder when 8104 is divided by 724.
140
Calculate the remainder when 14731 is divided by 179.
53
What is the remainder when 5320 is divided by 104?
16
Calculate the remainder when 27991 is divided by 9326.
13
What is the remainder when 8335 is divided by 524?
475
Calculate the remainder when 915 is divided by 177.
30
What is the remainder when 3187 is divided by 8?
3
What is the remainder when 67482 is divided by 399?
51
Calculate the remainder when 87961 is divided by 14659.
7
What is the remainder when 3787 is divided by 236?
11
What is the remainder when 136746 is divided by 528?
522
Calculate the remainder when 20563 is divided by 5139.
7
Calculate the remainder when 131998 is divided by 487.
21
Calculate the remainder when 431661 is divided by 143881.
18
What is the remainder when 15312 is divided by 100?
12
Calculate the remainder when 1907 is divided by 896.
115
What is the remainder when 14602 is divided by 584?
2
What is the remainder when 7452 is divided by 27?
0
Calculate the remainder when 5875 is divided by 144.
115
What is the remainder when 13109 is divided by 727?
23
Calculate the remainder when 2188136 is divided by 25.
11
Calculate the remainder when 2509 is divided by 61.
8
Calculate the remainder when 907 is divided by 112.
11
What is the remainder when 24179 is divided by 156?
155
Calculate the remainder when 11629 is divided by 588.
457
Calculate the remainder when 63032 is divided by 144.
104
Calculate the remainder when 34757 is divided by 110.
107
What is the remainder when 31782 is divided by 10592?
6
What is the remainder when 67383 is divided by 136?
63
Calculate the remainder when 7538 is divided by 1466.
208
What is the remainder when 35584 is divided by 164?
160
What is the remainder when 136405 is divided by 13?
9
Calculate the remainder when 3583 is divided by 891.
19
Calculate the remainder when 40897 is divided by 684.
541
Calculate the remainder when 7857 is divided by 18.
9
Calculate the remainder when 962995 is divided by 1605.
1600
What is the remainder when 4832 is divided by 12?
8
What is the remainder when 471238 is divided by 306?
304
Calculate the remainder when 12984 is divided by 15.
9
What is the remainder when 220089 is divided by 127?
125
Calculate the remainder when 94000 is divided by 52.
36
Calculate the remainder when 487147 is divided by 359.
343
What is the remainder when 3781 is divided by 1216?
133
Calculate the remainder when 1358 is divided by 673.
12
Calculate the remainder when 9402 is divided by 828.
294
What is the remainder when 3080 is divided by 1403?
274
What is the remainder when 641622 is divided by 75?
72
What is the remainder when 72903 is divided by 372?
363
Calculate the remainder when 14450 is divided by 722.
10
Calculate the remainder when 29256 is divided by 9697.
165
Calculate the remainder when 60194 is divided by 1584.
2
Calculate the remainder when 3223 is divided by 138.
49
What is the remainder when 115909 is divided by 105?
94
Calculate the remainder when 32228 is divided by 11.
9
What is the remainder when 454 is divided by 35?
34
What is the remainder when 3063 is divided by 57?
42
What is the remainder when 72174 is divided by 72160?
14
What is the remainder when 41184 is divided by 257?
64
Calculate the remainder when 75852 is divided by 826.
686
What is the remainder when 38805 is divided by 27?
6
Calculate the remainder when 15735 is divided by 743.
132
What is the remainder when 34442 is divided by 17200?
42
Calculate the remainder when 988 is divided by 20.
8
Calculate the remainder when 11862 is divided by 3950.
12
Calculate the remainder when 60109 is divided by 2731.
27
Calculate the remainder when 557 is divided by 232.
93
Calculate the remainder when 392 is divided by 165.
62
Calculate the remainder when 4026 is divided by 310.
306
Calculate the remainder when 55510 is divided by 347.
337
What is the remainder when 267612 is divided by 463?
461
Calculate the remainder when 233326 is divided by 44.
38
Calculate the remainder when 1512 is divided by 60.
12
What is the remainder when 1597 is divided by 900?
697
What is the remainder when 1173168 is divided by 11?
7
Calculate the remainder when 33463 is divided by 94.
93
Calculate the remainder when 120792 is divided by 40251.
39
What is the remainder when 265912 is divided by 306?
304
What is the remainder when 4444 is divided by 71?
42
What is the remainder when 1965 is divided by 374?
95
What is the remainder when 8455 is divided by 273?
265
What is the remainder when 89520 is divided by 3730?
0
What is the remainder when 141292 is divided by 11?
8
Calculate the remainder when 3929 is divided by 433.
32
What is the remainder when 42170 is divided by 59?
44
What is the remainder when 10755 is divided by 142?
105
What is the remainder when 380154 is divided by 330?
324
What is the remainder when 60691 is divided by 113?
10
Calculate the remainder when 329362 is divided by 16468.
2
Calculate the remainder when 5684 is divided by 5678.
6
Calculate the remainder when 112184 is divided by 31.
26
Calculate the remainder when 8481 is divided by 8420.
61
Calculate the remainder when 55018 is divided by 41.
37
Calculate the remainder when 17658 is divided by 8823.
12
Calculate the remainder when 3252139 is divided by 565.
564
Calculate the remainder when 588 is divided by 13.
3
Calculate the remainder when 13734 is divided by 12.
6
What is the remainder when 10638 is divided by 1771?
12
What is the remainder when 723 is divided by 610?
113
Calculate the remainder when 1241 is divided by 17.
0
Calculate the remainder when 4024 is divided by 1919.
186
Calculate the remainder when 62106 is divided by 49.
23
What is the remainder when 5790 is divided by 973?
925
What is the remainder when 339660 is divided by 208?
204
What is the remainder when 44467 is divided by 1487?
1344
Calculate the remainder when 5036 is divided by 721.
710
What is the remainder when 71297 is divided by 575?
572
Calculate the remainder when 2508 is divided by 1847.
661
Calculate the remainder when 29712 is divided by 1.
0
What is the remainder when 1615 is divided by 1263?
352
What is the remainder when 23312 is divided by 968?
80
Calculate the remainder when 58050 is divided by 85.
80
What is the remainder when 158544 is divided by 73?
61
Calculate the remainder when 1881563 is divided by 126.
5
Calculate the remainder when 1620864 is divided by 2116.
8
What is the remainder when 227070 is divided by 7829?
29
Calculate the remainder when 11394 is divided by 1035.
9
Calculate the remainder when 43986 is divided by 468.
462
Calculate the remainder when 14428 is divided by 63.
1
What is the remainder when 3579 is divided by 619?
484
Calculate the remainder when 3968 is divided by 26.
16
What is the remainder when 37065 is divided by 12353?
6
What is the remainder when 33323 is divided by 4165?
3
What is the remainder when 9852 is divided by 9839?
13
Calculate the remainder when 6968 is divided by 19.
14
What is the remainder when 960301 is divided by 224?
13
Calculate the remainder when 66107 is divided by 7345.
2
What is the remainder when 30422 is divided by 411?
8
Calculate the remainder when 4370 is divided by 716.
74
What is the remainder when 379184 is divided by 51?
50
What is the remainder when 3935 is divided by 264?
239
What is the remainder when 35728 is divided by 2748?
4
Calculate the remainder when 527715 is divided by 2868.
3
What is the remainder when 738059 is divided by 60?
59
Calculate the remainder when 22044 is divided by 348.
120
What is the remainder when 198483 is divided by 67?
29
What is the remainder when 7949 is divide